isor of 5113 and 24?
1
Calculate the highest common factor of 21294 and 429936.
1014
Calculate the greatest common factor of 6924 and 996.
12
Calculate the highest common divisor of 7811 and 61977.
73
What is the highest common factor of 120 and 3778980?
60
Calculate the highest common factor of 368 and 22544.
16
Calculate the highest common factor of 4839520 and 745.
745
What is the highest common divisor of 12984 and 888?
24
What is the highest common factor of 15499 and 176?
11
Calculate the greatest common factor of 1542032 and 16.
16
Calculate the greatest common factor of 1588 and 434318.
794
Calculate the highest common divisor of 130676 and 1274.
182
Calculate the greatest common divisor of 27104 and 29288.
56
Calculate the highest common divisor of 95666 and 7564.
62
Calculate the highest common divisor of 68904 and 2304.
72
Calculate the greatest common factor of 247 and 6149.
13
What is the greatest common factor of 24400 and 640?
80
Calculate the highest common factor of 66822 and 37.
37
What is the highest common factor of 78 and 3614?
26
What is the highest common divisor of 9257 and 10?
1
What is the highest common divisor of 235 and 1835?
5
What is the highest common factor of 412080 and 303?
303
What is the highest common factor of 57 and 5878125?
57
What is the greatest common divisor of 19726 and 28?
14
What is the greatest common divisor of 708 and 31388?
236
Calculate the highest common divisor of 1968328 and 123.
41
Calculate the highest common divisor of 5 and 1006870.
5
Calculate the greatest common divisor of 52352 and 80164.
1636
What is the highest common divisor of 293011 and 79?
79
Calculate the greatest common factor of 36093 and 24516.
681
What is the greatest common factor of 339 and 29154?
339
What is the greatest common factor of 52 and 44434?
26
Calculate the highest common factor of 23976 and 486.
162
What is the greatest common divisor of 3556 and 112522?
254
Calculate the highest common divisor of 4952052 and 258.
258
What is the greatest common factor of 780 and 4131075?
195
Calculate the highest common divisor of 25302 and 54.
6
Calculate the greatest common factor of 44709 and 252.
21
What is the highest common factor of 5289 and 17931?
129
Calculate the greatest common divisor of 5487 and 77703.
177
Calculate the highest common factor of 3045130 and 470.
470
Calculate the greatest common divisor of 2074 and 23424.
122
Calculate the highest common divisor of 351 and 99957.
39
Calculate the highest common divisor of 168139 and 277.
277
Calculate the highest common divisor of 373 and 652004.
373
What is the greatest common divisor of 238 and 3111?
17
Calculate the greatest common divisor of 56 and 10288.
8
What is the greatest common divisor of 26475 and 60?
15
Calculate the greatest common divisor of 48 and 267042.
6
Calculate the highest common factor of 450960 and 2320.
80
What is the highest common divisor of 145522 and 63336?
754
What is the greatest common divisor of 18487 and 278?
139
What is the highest common divisor of 302 and 2686?
2
Calculate the greatest common divisor of 144 and 15888.
48
What is the highest common factor of 2937 and 165273?
267
Calculate the greatest common factor of 139 and 222956.
139
What is the highest common divisor of 16560 and 1208?
8
What is the highest common factor of 4190 and 180?
10
What is the greatest common divisor of 1792 and 20240?
16
What is the greatest common factor of 144625 and 500?
125
What is the highest common divisor of 3017388 and 264?
132
Calculate the greatest common factor of 848 and 136051.
53
Calculate the highest common divisor of 235 and 1416533.
47
Calculate the highest common factor of 40 and 13750.
10
Calculate the highest common divisor of 555 and 145.
5
What is the highest common divisor of 74 and 12691?
37
What is the greatest common factor of 9398 and 166624?
254
What is the greatest common factor of 299 and 61778?
23
What is the highest common divisor of 35552 and 128?
32
Calculate the highest common divisor of 175396 and 1612.
52
What is the greatest common divisor of 338314 and 19?
19
What is the greatest common divisor of 2607 and 966328?
869
What is the highest common divisor of 1127 and 168797?
23
Calculate the highest common divisor of 1752 and 120.
24
Calculate the highest common divisor of 3128132 and 7896.
1316
What is the highest common divisor of 95228 and 7028?
28
What is the greatest common divisor of 65 and 120185?
65
What is the highest common divisor of 104342 and 986?
58
What is the highest common factor of 5587 and 1963?
151
Calculate the highest common factor of 5523 and 521529.
789
Calculate the greatest common divisor of 86 and 76411.
43
What is the highest common factor of 24256 and 4576?
32
Calculate the greatest common divisor of 396 and 243265.
11
Calculate the greatest common divisor of 216315 and 165.
165
Calculate the greatest common factor of 370047 and 3.
3
What is the greatest common factor of 555 and 126725?
185
What is the greatest common divisor of 238 and 1530?
34
What is the highest common divisor of 56 and 757176?
56
Calculate the greatest common divisor of 185164 and 84.
28
Calculate the greatest common divisor of 2142 and 2686.
34
What is the greatest common divisor of 320532 and 12?
12
Calculate the greatest common factor of 1452 and 2796.
12
Calculate the highest common factor of 27552 and 19803.
861
Calculate the highest common factor of 1590 and 56922.
318
What is the greatest common divisor of 22 and 93951?
11
What is the greatest common divisor of 2310 and 55020?
210
What is the highest common divisor of 196 and 2722293?
49
What is the greatest common factor of 79 and 584047?
79
What is the highest common divisor of 468 and 559?
13
What is the greatest common factor of 66 and 2097777?
33
What is the greatest common factor of 30 and 1570?
10
What is the highest common divisor of 7611 and 21594?
177
What is the greatest common divisor of 12 and 112440?
12
Calculate the greatest common divisor of 861 and 4017713.
287
Calculate the greatest common factor of 8 and 348008.
8
Calculate the highest common factor of 40 and 258310.
10
What is the greatest common factor of 915 and 6893?
61
Calculate the greatest common divisor of 564117 and 258.
129
What is the highest common divisor of 7997 and 16721?
727
Calculate the greatest common divisor of 70 and 3830.
10
Calculate the highest common factor of 207 and 243363.
69
Calculate the highest common factor of 33 and 872927.
11
Calculate the highest common factor of 300 and 7925.
25
Calculate the greatest common factor of 2670 and 2581.
89
What is the greatest common factor of 60 and 293268?
12
Calculate the highest common factor of 2268 and 6244.
28
What is the greatest common factor of 23562 and 16170?
462
What is the highest common factor of 5 and 3849?
1
What is the greatest common divisor of 78 and 1303289?
13
What is the greatest common factor of 16 and 185552?
16
What is the highest common divisor of 5779 and 2?
1
What is the greatest common factor of 495 and 522885?
165
What is the highest common factor of 6896380 and 20?
20
Calculate the greatest common factor of 34752 and 17738.
362
Calculate the highest common divisor of 445 and 4235.
5
Calculate the greatest common divisor of 753 and 1815483.
753
What is the highest common divisor of 785732 and 148?
148
Calculate the greatest common divisor of 681039 and 36.
9
What is the greatest common divisor of 4896 and 575712?
288
What is the highest common divisor of 188193 and 3?
3
What is the greatest common factor of 45 and 435?
15
What is the greatest common divisor of 22472 and 1584?
8
What is the highest common factor of 864 and 32184?
216
What is the highest common divisor of 226353 and 1532?
383
What is the greatest common divisor of 4922118 and 1674?
558
Calculate the highest common divisor of 3361136 and 32.
16
Calculate the highest common factor of 86 and 24854.
86
Calculate the highest common divisor of 327 and 184973.
109
What is the highest common divisor of 3111670 and 30?
10
Calculate the highest common divisor of 3192 and 1554.
42
Calculate the highest common factor of 112 and 5530.
14
What is the highest common factor of 3243612 and 548?
548
What is the highest common factor of 